{"id":712,"date":"2018-07-05T11:44:16","date_gmt":"2018-07-05T09:44:16","guid":{"rendered":"http:\/\/urbanistes.be\/fup\/?post_type=tribe_events&#038;p=712"},"modified":"2018-07-05T11:44:16","modified_gmt":"2018-07-05T09:44:16","slug":"22e-universite-dete-de-lurbanisme","status":"publish","type":"tribe_events","link":"https:\/\/urbanistes.be\/fup\/event\/22e-universite-dete-de-lurbanisme\/","title":{"rendered":"22e Universit\u00e9 d&rsquo;\u00e9t\u00e9 de l&rsquo;Urbanisme"},"content":{"rendered":"<a href=\"https:\/\/urbanistes.be\/fup\/wp-content\/uploads\/2018\/07\/prog_UnivEteUrba2018.pdf\" class=\"pdfemb-viewer\" style=\"\" data-width=\"max\" data-height=\"max\"  data-toolbar=\"bottom\" data-toolbar-fixed=\"off\">prog_UnivEteUrba2018<br\/><\/a>\n","protected":false},"excerpt":{"rendered":"","protected":false},"author":1,"featured_media":0,"comment_status":"closed","ping_status":"closed","template":"","meta":{"_tribe_events_status":"","_tribe_events_status_reason":""},"tags":[],"tribe_events_cat":[],"_links":{"self":[{"href":"https:\/\/urbanistes.be\/fup\/wp-json\/wp\/v2\/tribe_events\/712"}],"collection":[{"href":"https:\/\/urbanistes.be\/fup\/wp-json\/wp\/v2\/tribe_events"}],"about":[{"href":"https:\/\/urbanistes.be\/fup\/wp-json\/wp\/v2\/types\/tribe_events"}],"author":[{"embeddable":true,"href":"https:\/\/urbanistes.be\/fup\/wp-json\/wp\/v2\/users\/1"}],"replies":[{"embeddable":true,"href":"https:\/\/urbanistes.be\/fup\/wp-json\/wp\/v2\/comments?post=712"}],"version-history":[{"count":1,"href":"https:\/\/urbanistes.be\/fup\/wp-json\/wp\/v2\/tribe_events\/712\/revisions"}],"predecessor-version":[{"id":714,"href":"https:\/\/urbanistes.be\/fup\/wp-json\/wp\/v2\/tribe_events\/712\/revisions\/714"}],"wp:attachment":[{"href":"https:\/\/urbanistes.be\/fup\/wp-json\/wp\/v2\/media?parent=712"}],"wp:term":[{"taxonomy":"post_tag","embeddable":true,"href":"https:\/\/urbanistes.be\/fup\/wp-json\/wp\/v2\/tags?post=712"},{"taxonomy":"tribe_events_cat","embeddable":true,"href":"https:\/\/urbanistes.be\/fup\/wp-json\/wp\/v2\/tribe_events_cat?post=712"}],"curies":[{"name":"wp","href":"https:\/\/api.w.org\/{rel}","templated":true}]}}

22e Université d&rsquo;été de l&rsquo;Urbanisme
