{"id":1558,"date":"2021-09-11T18:13:50","date_gmt":"2021-09-11T16:13:50","guid":{"rendered":"https:\/\/urbanistes.be\/fup\/?post_type=tribe_events&#038;p=1558"},"modified":"2021-09-16T07:59:34","modified_gmt":"2021-09-16T05:59:34","slug":"grande-conference-2021","status":"publish","type":"tribe_events","link":"https:\/\/urbanistes.be\/fup\/event\/grande-conference-2021\/","title":{"rendered":"Grande Conf\u00e9rence 2021 : Michel Lussault. Sp\u00e9cialis\u00e9 en g\u00e9ographie urbaine, Directeur de l\u2019Ecole d\u2019urbanisme de Lyon."},"content":{"rendered":"<p><strong>Michel Lussault<\/strong>. Sp\u00e9cialis\u00e9 en g\u00e9ographie urbaine, Directeur de l\u2019Ecole d\u2019urbanisme de Lyon, il est l\u2019auteur de nombreux livres dont \u00ab Hyper-lieux, les nouvelles g\u00e9ographies de la mondialisation \u00bb, \u00ab Chroniques de g\u00e9o\u2019 virale \u00bb. Il parlera de\u00a0\u00a0 <strong>L\u2019urbanisme de l\u2019attention et du prendre soin.<\/strong><\/p>\n<p><img loading=\"lazy\" class=\"aligncenter size-full wp-image-1549\" src=\"https:\/\/urbanistes.be\/fup\/wp-content\/uploads\/2021\/09\/241691707_4224129641015812_2055262859709523163_n.jpg\" alt=\"\" width=\"1900\" height=\"700\" srcset=\"https:\/\/urbanistes.be\/fup\/wp-content\/uploads\/2021\/09\/241691707_4224129641015812_2055262859709523163_n.jpg 1900w, https:\/\/urbanistes.be\/fup\/wp-content\/uploads\/2021\/09\/241691707_4224129641015812_2055262859709523163_n-300x111.jpg 300w, https:\/\/urbanistes.be\/fup\/wp-content\/uploads\/2021\/09\/241691707_4224129641015812_2055262859709523163_n-1100x405.jpg 1100w, https:\/\/urbanistes.be\/fup\/wp-content\/uploads\/2021\/09\/241691707_4224129641015812_2055262859709523163_n-768x283.jpg 768w, https:\/\/urbanistes.be\/fup\/wp-content\/uploads\/2021\/09\/241691707_4224129641015812_2055262859709523163_n-1536x566.jpg 1536w, https:\/\/urbanistes.be\/fup\/wp-content\/uploads\/2021\/09\/241691707_4224129641015812_2055262859709523163_n-530x195.jpg 530w\" sizes=\"(max-width: 1900px) 100vw, 1900px\" \/><\/p>\n","protected":false},"excerpt":{"rendered":"<div class=\"post-excerpt\">Michel Lussault. Sp\u00e9cialis\u00e9 en g\u00e9ographie urbaine, Directeur de l\u2019Ecole d\u2019urbanisme de Lyon, il est l\u2019auteur de nombreux livres dont \u00ab Hyper-lieux, les nouvelles g\u00e9ographies de la mondialisation \u00bb, \u00ab Chroniques&hellip;<\/div>\n","protected":false},"author":5792,"featured_media":1549,"comment_status":"closed","ping_status":"closed","template":"","meta":{"_tribe_events_status":"","_tribe_events_status_reason":""},"tags":[],"tribe_events_cat":[15],"_links":{"self":[{"href":"https:\/\/urbanistes.be\/fup\/wp-json\/wp\/v2\/tribe_events\/1558"}],"collection":[{"href":"https:\/\/urbanistes.be\/fup\/wp-json\/wp\/v2\/tribe_events"}],"about":[{"href":"https:\/\/urbanistes.be\/fup\/wp-json\/wp\/v2\/types\/tribe_events"}],"author":[{"embeddable":true,"href":"https:\/\/urbanistes.be\/fup\/wp-json\/wp\/v2\/users\/5792"}],"replies":[{"embeddable":true,"href":"https:\/\/urbanistes.be\/fup\/wp-json\/wp\/v2\/comments?post=1558"}],"version-history":[{"count":4,"href":"https:\/\/urbanistes.be\/fup\/wp-json\/wp\/v2\/tribe_events\/1558\/revisions"}],"predecessor-version":[{"id":1581,"href":"https:\/\/urbanistes.be\/fup\/wp-json\/wp\/v2\/tribe_events\/1558\/revisions\/1581"}],"wp:featuredmedia":[{"embeddable":true,"href":"https:\/\/urbanistes.be\/fup\/wp-json\/wp\/v2\/media\/1549"}],"wp:attachment":[{"href":"https:\/\/urbanistes.be\/fup\/wp-json\/wp\/v2\/media?parent=1558"}],"wp:term":[{"taxonomy":"post_tag","embeddable":true,"href":"https:\/\/urbanistes.be\/fup\/wp-json\/wp\/v2\/tags?post=1558"},{"taxonomy":"tribe_events_cat","embeddable":true,"href":"https:\/\/urbanistes.be\/fup\/wp-json\/wp\/v2\/tribe_events_cat?post=1558"}],"curies":[{"name":"wp","href":"https:\/\/api.w.org\/{rel}","templated":true}]}}

Grande Conférence 2021 : Michel Lussault. Spécialisé en géographie urbaine, Directeur de l’Ecole d’urbanisme de Lyon.

<p><strong>Michel Lussault</strong>. Spécialisé en géographie urbaine, Directeur de l’Ecole d’urbanisme de Lyon, il est l’auteur de nombreux livres dont « Hyper-lieux, les nouvelles géographies de la mondialisation », « Chroniques de géo’ virale ». Il parlera de   <strong>L’urbanisme de l’attention et du prendre soin.</strong></p>
<p><img loading="lazy" class="aligncenter size-full wp-image-1549" src="https://urbanistes.be/fup/wp-content/uploads/2021/09/241691707_4224129641015812_2055262859709523163_n.jpg" alt="" width="1900" height="700" srcset="https://urbanistes.be/fup/wp-content/uploads/2021/09/241691707_4224129641015812_2055262859709523163_n.jpg 1900w, https://urbanistes.be/fup/wp-content/uploads/2021/09/241691707_4224129641015812_2055262859709523163_n-300x111.jpg 300w, https://urbanistes.be/fup/wp-content/uploads/2021/09/241691707_4224129641015812_2055262859709523163_n-1100x405.jpg 1100w, https://urbanistes.be/fup/wp-content/uploads/2021/09/241691707_4224129641015812_2055262859709523163_n-768x283.jpg 768w, https://urbanistes.be/fup/wp-content/uploads/2021/09/241691707_4224129641015812_2055262859709523163_n-1536x566.jpg 1536w, https://urbanistes.be/fup/wp-content/uploads/2021/09/241691707_4224129641015812_2055262859709523163_n-530x195.jpg 530w" sizes="(max-width: 1900px) 100vw, 1900px" /></p>

<div class="post-excerpt">Michel Lussault. Spécialisé en géographie urbaine, Directeur de l’Ecole d’urbanisme de Lyon, il est l’auteur de nombreux livres dont « Hyper-lieux, les nouvelles géographies de la mondialisation », « Chroniques&hellip;</div>
