{"id":9,"date":"2016-10-30T19:31:21","date_gmt":"2016-10-30T18:31:21","guid":{"rendered":"http:\/\/urbanistes.be\/fup\/?page_id=9"},"modified":"2021-01-22T15:39:13","modified_gmt":"2021-01-22T14:39:13","slug":"objectifs","status":"publish","type":"page","link":"https:\/\/urbanistes.be\/fup\/presentation\/objectifs\/","title":{"rendered":"Objectifs"},"content":{"rendered":"<p>N\u00e9e en f\u00e9vrier 2014, l\u2019asbl <strong>For Urban Passion<\/strong> est le fruit des r\u00e9flexions du Conseil de Direction de la Chambre des Urbanistes de Belgique sur nos m\u00e9tiers : leur \u00e9volution, leurs interactions, leur pratique.<br \/>\nFace au constat que ce que nous faisons touche tout le monde, nous sommes convaincus qu\u2019il est souhaitable d\u2019\u00e9changer plus activement sur les mati\u00e8res et pratiques qui transforment le territoire, c\u2019est-\u00e0-dire notre cadre de vie, de travail, de loisirs\u2026<br \/>\nPour le grand public, nos m\u00e9tiers sont peu compris dans leur dimension soci\u00e9tale.<\/p>\n<p>L\u2019association a pour buts :<br \/>\nDe <strong>DEBATTRE<\/strong>, \u00e0 savoir : l\u2019\u00e9change et la publication de connaissances, r\u00e9flexions et exp\u00e9riences ainsi que le d\u00e9bat d\u2019id\u00e9es en particulier sur les grands enjeux territoriaux ;<br \/>\nD\u2019<strong>ADMINISTRER<\/strong>, \u00e0 savoir : la fourniture de conseils et de services par l\u2019interm\u00e9diaire, notamment, de formations, d\u2019 avis r\u00e9actifs ou pro-actifs, de manifestes, d\u2019 analyses , la r\u00e9daction et la s\u00e9lection des appels d\u2019offres, l\u2019abonnement \u00e0 prix r\u00e9duit \u00e0 des revues;<br \/>\nD\u2019<strong>AGIR<\/strong>, \u00e0 savoir : l\u2019organisation d\u2019actions et d\u2019\u00e9v\u00e9nements dont des conf\u00e9rences de presse, des colloques, des expositions, des d\u00e9bats contradictoires, des publications, des manifestations de soutien ou de contestation\u2026 \u00bb<\/p>\n<p>Le site de la <strong>FUP<\/strong> se veut un outil de communication et de partage : il s\u2019ouvre \u00e0 la pr\u00e9sentation de projets d\u2019urbanisme, d\u2019am\u00e9nagement du territoire, d\u2019am\u00e9nagement urbain, de strat\u00e9gie territoriale,\u2026<\/p>\n<p>Professionnels ? Etudiants ?<\/p>\n<p><strong>Vous souhaitez mettre en avant une d\u00e9marche, une r\u00e9alisation, une proposition non-retenue<\/strong> ? Nous vous offrons la possibilit\u00e9 de la publier en ligne.<br \/>\nEnvoyez-nous par email votre proposition avec une description en une dizaine de lignes, 3 \u00e0 5 illustrations format\u00e9es web, quelques tags\u2026<\/p>\n<p><a href=\"https:\/\/urbanistes.be\/fup\/wp-content\/uploads\/2018\/04\/Pr\u00e9sentation-FUP-2018.pdf\" target=\"_blank\" rel=\"noopener\">Pr\u00e9sentation FUP<\/a><\/p>\n","protected":false},"excerpt":{"rendered":"<div class=\"post-excerpt\">N\u00e9e en f\u00e9vrier 2014, l\u2019asbl For Urban Passion est le fruit des r\u00e9flexions du Conseil de Direction de la Chambre des Urbanistes de Belgique sur nos m\u00e9tiers : leur \u00e9volution,&hellip;<\/div>\n","protected":false},"author":1,"featured_media":0,"parent":5,"menu_order":0,"comment_status":"closed","ping_status":"closed","template":"","meta":[],"_links":{"self":[{"href":"https:\/\/urbanistes.be\/fup\/wp-json\/wp\/v2\/pages\/9"}],"collection":[{"href":"https:\/\/urbanistes.be\/fup\/wp-json\/wp\/v2\/pages"}],"about":[{"href":"https:\/\/urbanistes.be\/fup\/wp-json\/wp\/v2\/types\/page"}],"author":[{"embeddable":true,"href":"https:\/\/urbanistes.be\/fup\/wp-json\/wp\/v2\/users\/1"}],"replies":[{"embeddable":true,"href":"https:\/\/urbanistes.be\/fup\/wp-json\/wp\/v2\/comments?post=9"}],"version-history":[{"count":6,"href":"https:\/\/urbanistes.be\/fup\/wp-json\/wp\/v2\/pages\/9\/revisions"}],"predecessor-version":[{"id":1379,"href":"https:\/\/urbanistes.be\/fup\/wp-json\/wp\/v2\/pages\/9\/revisions\/1379"}],"up":[{"embeddable":true,"href":"https:\/\/urbanistes.be\/fup\/wp-json\/wp\/v2\/pages\/5"}],"wp:attachment":[{"href":"https:\/\/urbanistes.be\/fup\/wp-json\/wp\/v2\/media?parent=9"}],"curies":[{"name":"wp","href":"https:\/\/api.w.org\/{rel}","templated":true}]}}