{"id":67,"date":"2016-10-30T19:16:49","date_gmt":"2016-10-30T18:16:49","guid":{"rendered":"http:\/\/urbanistes.be\/cub\/?page_id=67"},"modified":"2024-05-23T10:35:56","modified_gmt":"2024-05-23T08:35:56","slug":"secretaire","status":"publish","type":"page","link":"https:\/\/urbanistes.be\/cub\/groupes-de-travail\/secretaire\/","title":{"rendered":"Secr\u00e9taire g\u00e9n\u00e9ral"},"content":{"rendered":"<h2><img decoding=\"async\" class=\"alignnone size-full wp-image-2969\" src=\"https:\/\/urbanistes.be\/cub\/wp-content\/uploads\/2024\/05\/profile_photo-190x190-1.jpg\" alt=\"\" width=\"190\" height=\"190\" srcset=\"https:\/\/urbanistes.be\/cub\/wp-content\/uploads\/2024\/05\/profile_photo-190x190-1.jpg 190w, https:\/\/urbanistes.be\/cub\/wp-content\/uploads\/2024\/05\/profile_photo-190x190-1-100x100.jpg 100w\" sizes=\"(max-width: 190px) 100vw, 190px\" \/><br \/>\n<strong>Renaud Daele<\/strong><\/h2>\n<p><b>Urbaniste associ\u00e9\u00a0<\/b> chez AUPA de 2008 &#8211;<\/p>\n<p><b>Collaborateur urbaniste\u00a0<\/b>chez AUPA de 2005 \u00e0 2008<\/p>\n<p><strong>Directeur g\u00e9n\u00e9ral\u00a0<\/strong>dans &#8220;Agence de D\u00e9veloppement Durable&#8221; de 2001 \u00e0 2005<\/p>\n<p><strong>Environmental coach <\/strong>Cherokee Europe 1998 \u2013 2001<\/p>\n<p>&nbsp;<\/p>\n\n<div class=\"wpcf7 no-js\" id=\"wpcf7-f2314-o1\" lang=\"fr-FR\" dir=\"ltr\">\n<div class=\"screen-reader-response\"><p role=\"status\" aria-live=\"polite\" aria-atomic=\"true\"><\/p> <ul><\/ul><\/div>\n<form action=\"\/cub\/wp-json\/wp\/v2\/pages\/67#wpcf7-f2314-o1\" method=\"post\" class=\"wpcf7-form init\" aria-label=\"Formulaire de contact\" novalidate=\"novalidate\" data-status=\"init\">\n<div style=\"display: none;\">\n<input type=\"hidden\" name=\"_wpcf7\" value=\"2314\" \/>\n<input type=\"hidden\" name=\"_wpcf7_version\" value=\"5.9.8\" \/>\n<input type=\"hidden\" name=\"_wpcf7_locale\" value=\"fr_FR\" \/>\n<input type=\"hidden\" name=\"_wpcf7_unit_tag\" value=\"wpcf7-f2314-o1\" \/>\n<input type=\"hidden\" name=\"_wpcf7_container_post\" value=\"0\" \/>\n<input type=\"hidden\" name=\"_wpcf7_posted_data_hash\" value=\"\" \/>\n<\/div>\n<div class=\"form-group your-name\"><label class=\"\">Your Name <span class=\"required\">*<\/span><\/label><input class=\"wpcf7-form-control wpcf7-text wpcf7-validates-as-required form-control\" name=\"your-name\" type=\"text\" value=\"\" aria-invalid=\"false\" aria-required=\"true\" required><\/div>\n<div class=\"form-group your-email\"><label class=\"\">Your Email <span class=\"required\">*<\/span><\/label><input class=\"wpcf7-form-control wpcf7-email wpcf7-validates-as-required wpcf7-text wpcf7-validates-as-email form-control\" name=\"your-email\" type=\"email\" value=\"\" aria-invalid=\"false\" aria-required=\"true\" required><\/div>\n<div class=\"form-group your-subject\"><label class=\"\">Subject<\/label><input class=\"wpcf7-form-control wpcf7-text form-control\" name=\"your-subject\" type=\"text\" value=\"\" aria-invalid=\"false\"><\/div>\n<div class=\"form-group your-message\"><label class=\"\">Your Message<\/label><textarea class=\"wpcf7-form-control wpcf7-textarea form-control\" name=\"your-message\" rows=\"4\" aria-invalid=\"false\"><\/textarea><\/div>\n<div class=\"form-group\"><div><input class=\"wpcf7-form-control wpcf7-submit btn btn-primary\" type=\"submit\" value=\"Send\"><\/div><\/div><div class=\"wpcf7-response-output alert alert-warning\"><\/div>\n<\/form>\n<\/div>\n\n","protected":false},"excerpt":{"rendered":"<div class=\"post-excerpt\">Renaud Daele Urbaniste associ\u00e9\u00a0 chez AUPA de 2008 &#8211; Collaborateur urbaniste\u00a0chez AUPA de 2005 \u00e0 2008 Directeur g\u00e9n\u00e9ral\u00a0dans &#8220;Agence de D\u00e9veloppement Durable&#8221; de 2001 \u00e0 2005 Environmental coach Cherokee Europe&hellip;<\/div>\n","protected":false},"author":1,"featured_media":0,"parent":21,"menu_order":0,"comment_status":"closed","ping_status":"closed","template":"","meta":{"footnotes":""},"_links":{"self":[{"href":"https:\/\/urbanistes.be\/cub\/wp-json\/wp\/v2\/pages\/67"}],"collection":[{"href":"https:\/\/urbanistes.be\/cub\/wp-json\/wp\/v2\/pages"}],"about":[{"href":"https:\/\/urbanistes.be\/cub\/wp-json\/wp\/v2\/types\/page"}],"author":[{"embeddable":true,"href":"https:\/\/urbanistes.be\/cub\/wp-json\/wp\/v2\/users\/1"}],"replies":[{"embeddable":true,"href":"https:\/\/urbanistes.be\/cub\/wp-json\/wp\/v2\/comments?post=67"}],"version-history":[{"count":20,"href":"https:\/\/urbanistes.be\/cub\/wp-json\/wp\/v2\/pages\/67\/revisions"}],"predecessor-version":[{"id":2970,"href":"https:\/\/urbanistes.be\/cub\/wp-json\/wp\/v2\/pages\/67\/revisions\/2970"}],"up":[{"embeddable":true,"href":"https:\/\/urbanistes.be\/cub\/wp-json\/wp\/v2\/pages\/21"}],"wp:attachment":[{"href":"https:\/\/urbanistes.be\/cub\/wp-json\/wp\/v2\/media?parent=67"}],"curies":[{"name":"wp","href":"https:\/\/api.w.org\/{rel}","templated":true}]}}