{"id":21,"date":"2016-10-30T19:07:04","date_gmt":"2016-10-30T18:07:04","guid":{"rendered":"http:\/\/urbanistes.be\/cub\/?page_id=21"},"modified":"2016-12-12T18:21:02","modified_gmt":"2016-12-12T17:21:02","slug":"groupes-de-travail","status":"publish","type":"page","link":"https:\/\/urbanistes.be\/cub\/groupes-de-travail\/","title":{"rendered":"Conseil de direction"},"content":{"rendered":"<p>La CUB est dirig\u00e9e par un conseil de direction compos\u00e9 de huit <a href=\"http:\/\/urbanistes.be\/cub\/groupes-de-travail\/presentation\/\" target=\"_blank\">membres <\/a>au moins et de quatorze membres au plus. Les membres du conseil de direction doivent avoir soit la qualit\u00e9 de membre \u00e9lu effectif ou honoraire, soit la qualit\u00e9 de membre d\u00e9l\u00e9gu\u00e9.<\/p>\n<p>Le conseil de direction est investi des pouvoirs les plus \u00e9tendus pour l\u2019administration g\u00e9n\u00e9rale de la CUB, la gestion et la disposition de ses biens, c\u2019est-\u00e0-dire qu\u2019il:<\/p>\n<ul>\n<li>arr\u00eate son r\u00e8glement d\u2019ordre int\u00e9rieur et celui des diff\u00e9rents services de la CUB ;<\/li>\n<li>nomme et r\u00e9voque les employ\u00e9s et agents de la CUB et d\u00e9termine leurs appointements ;<\/li>\n<li>d\u00e9cide de l\u2019emploi des avoirs et des ressources de la CUB, dans les limites trac\u00e9es par la loi ;<\/li>\n<li>repr\u00e9sente la CUB dans tous les actes juridiques, judiciaires ou extra-judiciaires pour d\u00e9fendre ses int\u00e9r\u00eats propres ou ceux de ses membres qu\u2019il jugerait opportun et l\u00e9gal de soutenir ;<\/li>\n<li>d\u00e9cide de tout ce qui n\u2019est pas express\u00e9ment r\u00e9serv\u00e9 \u00e0 l\u2019assembl\u00e9e g\u00e9n\u00e9rale.<\/li>\n<\/ul>\n","protected":false},"excerpt":{"rendered":"<div class=\"post-excerpt\">La CUB est dirig\u00e9e par un conseil de direction compos\u00e9 de huit membres au moins et de quatorze membres au plus. Les membres du conseil de direction doivent avoir soit&hellip;<\/div>\n","protected":false},"author":1,"featured_media":0,"parent":0,"menu_order":0,"comment_status":"closed","ping_status":"closed","template":"","meta":{"footnotes":""},"_links":{"self":[{"href":"https:\/\/urbanistes.be\/cub\/wp-json\/wp\/v2\/pages\/21"}],"collection":[{"href":"https:\/\/urbanistes.be\/cub\/wp-json\/wp\/v2\/pages"}],"about":[{"href":"https:\/\/urbanistes.be\/cub\/wp-json\/wp\/v2\/types\/page"}],"author":[{"embeddable":true,"href":"https:\/\/urbanistes.be\/cub\/wp-json\/wp\/v2\/users\/1"}],"replies":[{"embeddable":true,"href":"https:\/\/urbanistes.be\/cub\/wp-json\/wp\/v2\/comments?post=21"}],"version-history":[{"count":4,"href":"https:\/\/urbanistes.be\/cub\/wp-json\/wp\/v2\/pages\/21\/revisions"}],"predecessor-version":[{"id":491,"href":"https:\/\/urbanistes.be\/cub\/wp-json\/wp\/v2\/pages\/21\/revisions\/491"}],"wp:attachment":[{"href":"https:\/\/urbanistes.be\/cub\/wp-json\/wp\/v2\/media?parent=21"}],"curies":[{"name":"wp","href":"https:\/\/api.w.org\/{rel}","templated":true}]}}